{"id":2714,"date":"2020-02-06T17:24:06","date_gmt":"2020-02-06T16:24:06","guid":{"rendered":"https:\/\/zubietxe.org\/?page_id=2714"},"modified":"2020-02-06T17:25:29","modified_gmt":"2020-02-06T16:25:29","slug":"lantaldea","status":"publish","type":"page","link":"https:\/\/zubietxe.org\/eu\/lantaldea\/","title":{"rendered":"Lantaldea"},"content":{"rendered":"<p><div class=\"fusion-fullwidth fullwidth-box fusion-builder-row-1 nonhundred-percent-fullwidth non-hundred-percent-height-scrolling\" style=\"background-color: rgba(255,255,255,0);background-position: center center;background-repeat: no-repeat;padding-top:0px;padding-right:13%;padding-bottom:0px;padding-left:13%;margin-bottom: 0px;margin-top: 0px;border-width: 0px 0px 0px 0px;border-color:#eae9e9;border-style:solid;\" ><div class=\"fusion-builder-row fusion-row\"><div class=\"fusion-layout-column fusion_builder_column fusion-builder-column-0 fusion_builder_column_1_1 1_1 fusion-one-full fusion-column-first fusion-column-last\" style=\"margin-top:0px;margin-bottom:0px;\"><div class=\"fusion-column-wrapper fusion-flex-column-wrapper-legacy\" style=\"background-position:left top;background-repeat:no-repeat;-webkit-background-size:cover;-moz-background-size:cover;-o-background-size:cover;background-size:cover;padding: 0px 0px 0px 0px;\"><span class=\" fusion-imageframe imageframe-none imageframe-1 hover-type-none\" style=\"border:3px solid #000000;\"><img decoding=\"async\" width=\"1024\" height=\"747\" title=\"equipo2\" src=\"http:\/\/165.227.149.109\/wp-content\/uploads\/2020\/02\/equipo2-1024x747.jpeg\" class=\"img-responsive wp-image-2556\" srcset=\"https:\/\/zubietxe.org\/wp-content\/uploads\/2020\/02\/equipo2-200x146.jpeg 200w, https:\/\/zubietxe.org\/wp-content\/uploads\/2020\/02\/equipo2-400x292.jpeg 400w, https:\/\/zubietxe.org\/wp-content\/uploads\/2020\/02\/equipo2-600x437.jpeg 600w, https:\/\/zubietxe.org\/wp-content\/uploads\/2020\/02\/equipo2-800x583.jpeg 800w, https:\/\/zubietxe.org\/wp-content\/uploads\/2020\/02\/equipo2-1200x875.jpeg 1200w, https:\/\/zubietxe.org\/wp-content\/uploads\/2020\/02\/equipo2.jpeg 1506w\" sizes=\"(max-width: 1024px) 100vw, 1200px\" \/><\/span><style type=\"text\/css\"><\/style><div class=\"fusion-title title fusion-title-1 fusion-sep-none fusion-title-text fusion-title-size-two\" style=\"margin-top:30px;margin-right:0px;margin-bottom:31px;margin-left:0px;\"><h2 class=\"title-heading-left\" style=\"margin:0;color:#ff9800;\">Equipo profesional<\/h2><\/div><div class=\"fusion-text fusion-text-1\"><p><!--:es-->Nuestro equipo est\u00e1 formado por personas con formaci\u00f3n en Psicolog\u00eda, Trabajo social, Educaci\u00f3n social, Integraci\u00f3n social, Derecho, Econom\u00eda<\/p>\n<\/div><div class=\"fusion-clearfix\"><\/div><\/div><\/div><\/div><\/div><div class=\"fusion-fullwidth fullwidth-box fusion-builder-row-2 nonhundred-percent-fullwidth non-hundred-percent-height-scrolling\" style=\"background-color: rgba(255,255,255,0);background-position: center center;background-repeat: no-repeat;padding-top:0px;padding-right:13%;padding-bottom:0px;padding-left:13%;margin-bottom: 0px;margin-top: 0px;border-width: 0px 0px 0px 0px;border-color:#eae9e9;border-style:solid;\" ><div class=\"fusion-builder-row fusion-row\"><div class=\"fusion-layout-column fusion_builder_column fusion-builder-column-1 fusion_builder_column_1_1 1_1 fusion-one-full fusion-column-first fusion-column-last\" style=\"margin-top:0px;margin-bottom:0px;\"><div class=\"fusion-column-wrapper fusion-flex-column-wrapper-legacy\" style=\"background-position:left top;background-repeat:no-repeat;-webkit-background-size:cover;-moz-background-size:cover;-o-background-size:cover;background-size:cover;padding: 0px 0px 0px 0px;\"><div class=\"fusion-text fusion-text-2\"><p>\u00a0<\/p>\n<\/div><div class=\"fusion-clearfix\"><\/div><\/div><\/div><\/div><\/div><\/p>\n","protected":false},"excerpt":{"rendered":"","protected":false},"author":1,"featured_media":0,"parent":0,"menu_order":0,"comment_status":"closed","ping_status":"closed","template":"","meta":{"footnotes":""},"class_list":["post-2714","page","type-page","status-publish","hentry"],"_links":{"self":[{"href":"https:\/\/zubietxe.org\/eu\/wp-json\/wp\/v2\/pages\/2714\/"}],"collection":[{"href":"https:\/\/zubietxe.org\/eu\/wp-json\/wp\/v2\/pages\/"}],"about":[{"href":"https:\/\/zubietxe.org\/eu\/wp-json\/wp\/v2\/types\/page\/"}],"author":[{"embeddable":true,"href":"https:\/\/zubietxe.org\/eu\/wp-json\/wp\/v2\/users\/1\/"}],"replies":[{"embeddable":true,"href":"https:\/\/zubietxe.org\/eu\/wp-json\/wp\/v2\/comments\/?post=2714"}],"version-history":[{"count":3,"href":"https:\/\/zubietxe.org\/eu\/wp-json\/wp\/v2\/pages\/2714\/revisions\/"}],"predecessor-version":[{"id":2717,"href":"https:\/\/zubietxe.org\/eu\/wp-json\/wp\/v2\/pages\/2714\/revisions\/2717\/"}],"wp:attachment":[{"href":"https:\/\/zubietxe.org\/eu\/wp-json\/wp\/v2\/media\/?parent=2714"}],"curies":[{"name":"wp","href":"https:\/\/api.w.org\/{rel}","templated":true}]}}

<p><div class="fusion-fullwidth fullwidth-box fusion-builder-row-1 nonhundred-percent-fullwidth non-hundred-percent-height-scrolling" style="background-color: rgba(255,255,255,0);background-position: center center;background-repeat: no-repeat;padding-top:0px;padding-right:13%;padding-bottom:0px;padding-left:13%;margin-bottom: 0px;margin-top: 0px;border-width: 0px 0px 0px 0px;border-color:#eae9e9;border-style:solid;" ><div class="fusion-builder-row fusion-row"><div class="fusion-layout-column fusion_builder_column fusion-builder-column-0 fusion_builder_column_1_1 1_1 fusion-one-full fusion-column-first fusion-column-last" style="margin-top:0px;margin-bottom:0px;"><div class="fusion-column-wrapper fusion-flex-column-wrapper-legacy" style="background-position:left top;background-repeat:no-repeat;-webkit-background-size:cover;-moz-background-size:cover;-o-background-size:cover;background-size:cover;padding: 0px 0px 0px 0px;"><span class=" fusion-imageframe imageframe-none imageframe-1 hover-type-none" style="border:3px solid #000000;"><img decoding="async" width="1024" height="747" title="equipo2" src="http://165.227.149.109/wp-content/uploads/2020/02/equipo2-1024x747.jpeg" class="img-responsive wp-image-2556" srcset="https://zubietxe.org/wp-content/uploads/2020/02/equipo2-200x146.jpeg 200w, https://zubietxe.org/wp-content/uploads/2020/02/equipo2-400x292.jpeg 400w, https://zubietxe.org/wp-content/uploads/2020/02/equipo2-600x437.jpeg 600w, https://zubietxe.org/wp-content/uploads/2020/02/equipo2-800x583.jpeg 800w, https://zubietxe.org/wp-content/uploads/2020/02/equipo2-1200x875.jpeg 1200w, https://zubietxe.org/wp-content/uploads/2020/02/equipo2.jpeg 1506w" sizes="(max-width: 1024px) 100vw, 1200px" /></span><style type="text/css"></style><div class="fusion-title title fusion-title-1 fusion-sep-none fusion-title-text fusion-title-size-two" style="margin-top:30px;margin-right:0px;margin-bottom:31px;margin-left:0px;"><h2 class="title-heading-left" style="margin:0;color:#ff9800;">Equipo profesional</h2></div><div class="fusion-text fusion-text-1"><p><!--:es-->Nuestro equipo está formado por personas con formación en Psicología, Trabajo social, Educación social, Integración social, Derecho, Economía</p>
</div><div class="fusion-clearfix"></div></div></div></div></div><div class="fusion-fullwidth fullwidth-box fusion-builder-row-2 nonhundred-percent-fullwidth non-hundred-percent-height-scrolling" style="background-color: rgba(255,255,255,0);background-position: center center;background-repeat: no-repeat;padding-top:0px;padding-right:13%;padding-bottom:0px;padding-left:13%;margin-bottom: 0px;margin-top: 0px;border-width: 0px 0px 0px 0px;border-color:#eae9e9;border-style:solid;" ><div class="fusion-builder-row fusion-row"><div class="fusion-layout-column fusion_builder_column fusion-builder-column-1 fusion_builder_column_1_1 1_1 fusion-one-full fusion-column-first fusion-column-last" style="margin-top:0px;margin-bottom:0px;"><div class="fusion-column-wrapper fusion-flex-column-wrapper-legacy" style="background-position:left top;background-repeat:no-repeat;-webkit-background-size:cover;-moz-background-size:cover;-o-background-size:cover;background-size:cover;padding: 0px 0px 0px 0px;"><div class="fusion-text fusion-text-2"><p> </p>
</div><div class="fusion-clearfix"></div></div></div></div></div></p>
